ose -3*x + s = -x. What is the greatest common divisor of l and x?
2
Let j be (-444)/(-22) - 24/132. Suppose 0 = 3*w - 2*v - 6 - 8, -3*v = -15. What is the highest common divisor of w and j?
4
Suppose -3*m + 15 = 2*m. Suppose 0 = -0*g + 5*g + 2*r - 10, g = m*r + 19. Let t be (-1)/(-2)*(g + 262). Calculate the greatest common divisor of t and 19.
19
Let u = -14 + 6. Let g be (2/8 + -1)*u. Calculate the highest common divisor of 18 and g.
6
Suppose -9*o = -8*o - 33. Calculate the highest common factor of 22 and o.
11
Let c = 140 + -135. What is the greatest common factor of 55 and c?
5
Suppose -29*r = -34*r + 540. Calculate the highest common divisor of r and 12.
12
Suppose 24 + 0 = -4*n. Let d be -6*57/n - 0. Let g = d - 30. What is the greatest common divisor of 18 and g?
9
Suppose l + 9 = 5*l + 3*t, -3*t = 3*l - 6. What is the greatest common factor of 33 and l?
3
Suppose 10*s - 8*s - 198 = 0. Calculate the highest common factor of s and 33.
33
Suppose 0 = -7*o + 321 - 69. Calculate the greatest common divisor of o and 4.
4
Suppose 2*p - 3*f = 6*p - 112, -2*p - 4*f = -66. Calculate the highest common divisor of 75 and p.
25
Suppose 0 = -4*r + 21 - 1, 5*m = -3*r + 1115. Suppose 2*i - 3*l = 49, 5*i - 3*i - 4*l - 52 = 0. What is the highest common factor of i and m?
20
Let f = -47 - -190. Calculate the greatest common divisor of 13 and f.
13
Suppose 3*o + 0*o = 360. Suppose -6*m + 45 = -3*m. What is the highest common divisor of m and o?
15
Let k(n) = n**3 + 6*n**2 - n + 6. Let d be k(-5). Let t = -7 + 4. Let w = 15 + t. Calculate the highest common divisor of d and w.
12
Suppose 4*v + v + 4*d = -7, -4*v = d + 10. Let p be ((-9)/(-12))/(v/(-528)). Calculate the greatest common factor of 12 and p.
12
Suppose 2*l + 5*a - 11 = 8, -3*l - a - 4 = 0. Let p be 13/((-6)/l + -1). Calculate the highest common factor of 104 and p.
13
Let n be -2 - (-2 + -5)*(13 + -5). What is the highest common divisor of 6 and n?
6
Suppose -2*d + 780 = 2*d. Calculate the greatest common factor of d and 39.
39
Let s(a) = -a**3 - 6*a**2 - 2*a + 1. Let j be s(-6). Suppose 2*c + 1 = j. Suppose 7*x = -40 + 124. Calculate the greatest common divisor of c and x.
6
Let l be (5 - (-20)/4)/((-1)/(-10)). Suppose -3*b = -3*o - 39, 3*b + 4*o - 13 = 5. Calculate the greatest common divisor of b and l.
10
Let g be -1 + (2 - 0) + 24. Suppose 3*f + 9 = 3*d, -6*d = -3*d + 5*f - 25. Calculate the greatest common divisor of g and d.
5
Suppose -4*z = -3*z - 243. Calculate the highest common factor of z and 27.
27
Suppose 2*y - 20 + 2 = 0. Suppose 3 + 3 = 3*i. Suppose 39 = i*t - y. What is the greatest common factor of t and 3?
3
Suppose -3*k - 1506 = -3*s + 2*k, 4*k = -2*s + 1004. Let r = -238 + s. What is the greatest common factor of 24 and r?
24
Let a(c) = 3*c**2 + 3 - 5*c - 4 + 0*c + 2*c. Let b be a(-1). What is the highest common factor of b and 45?
5
Let q be ((-6)/4)/((-3)/(-52)). Let r = q + 50. Suppose 18 = 3*c - 4*u - 14, -4*c + 80 = 4*u. What is the greatest common divisor of c and r?
8
Suppose -2*i + 5 = -5. Calculate the highest common factor of i and 2.
1
Let j be (-44)/198 - (-1532)/9. What is the highest common divisor of j and 10?
10
Let t(c) = 10*c + 13. Let h be t(12). Let m = h + -58. Let w = 1 - -14. Calculate the greatest common divisor of m and w.
15
Let x = 2 + 0. Suppose -12 = -2*n - x*n. Suppose l - 107 = -p + 29, n*l = 4*p - 516. Calculate the greatest common divisor of 12 and p.
12
Suppose 0 = -4*v + 5*v. Let b(s) = -s**2 + s. Let l be b(v). Let c = l - -1. Calculate the highest common divisor of 8 and c.
1
Suppose -4*v + v = 3, -5*c - 10 = -5*v. Let x be (-6 - c)/((-2)/10). What is the highest common factor of x and 15?
15
Suppose 0 = 4*l + g + g, 5*l + 2*g + 2 = 0. Let h be (1 + 3)*(l - -3). Let j = -10 - -14. What is the highest common factor of h and j?
4
Suppose 0*j = -3*j + 234. Let l = 159 - j. What is the highest common factor of 27 and l?
27
Let w(d) = -d - 3. Let t be w(-6). Let c = 8 + -6. Suppose -c*u + 81 = u. Calculate the highest common factor of u and t.
3
Let x(l) = l**2 - 6*l - 3. Let u be x(9). Calculate the greatest common factor of 4 and u.
4
Let n be (-5)/20 + (-706)/(-8). Let d(s) = s**2 + 4*s - 1. Let p be d(-6). Calculate the highest common factor of p and n.
11
Suppose 4*u - 9*u + 275 = 0. Suppose 2*m + 2*m + 27 = -5*j, 43 = -5*j + 4*m. Let r = j + 12. What is the greatest common divisor of r and u?
5
Let t be (-75)/10*(2 - (-16)/(-5)). What is the highest common divisor of t and 27?
9
Let l be (3 + -4 + 9/6)*96. Let h be ((-2)/(-4))/((-1)/(-12)). Calculate the greatest common factor of l and h.
6
Let z be (4/6)/((-10)/(-195)). What is the greatest common factor of z and 104?
13
Let s(k) = 58*k - 3. Let m be s(2). Let i = m - 49. Let j = 55 + -39. Calculate the highest common divisor of i and j.
16
Suppose -t = 2 - 8. Let v = 1 + t. Calculate the highest common factor of v and 63.
7
Suppose 25*r = 7*r + 1080. What is the greatest common factor of r and 80?
20
Let q be ((-6)/(-2) - 1)*4. Let p(j) = 3*j + 71. Let t be p(-17). Calculate the greatest common factor of q and t.
4
Let t be (3 + -5 - -3)*-11. Let z(n) = -n + 16. Let c be z(t). What is the highest common factor of 9 and c?
9
Let s = -26 + 29. Let h = 74 + -41. Calculate the highest common factor of s and h.
3
Let x be (-385)/(-2) + 1/(1 + -3). Calculate the greatest common factor of 24 and x.
24
Suppose -4*x + 98 = 5*f, 74 = 2*x + x + 4*f. Let p = 52 - x. Let i = -9 + p. What is the greatest common divisor of i and 231?
21
Let r be (-5 + 4)/(4/(-12)). Suppose r*s = 3 + 9. Calculate the greatest common divisor of s and 44.
4
Let g(a) = a. Let j be g(3). Suppose 0*h - 3*b + 24 = j*h, 23 = 4*h + b. Let s = -21 - -66. Calculate the highest common divisor of s and h.
5
Let m(z) = -3*z - 2. Let d be m(-2). Calculate the greatest common factor of 1 and d.
1
Suppose 6 = -3*b - 2*w - 2*w, -3*b + w + 9 = 0. Let y(c) = 18 - 19 - 2*c + 3*c. Let k be y(b). What is the highest common factor of 3 and k?
1
Suppose -4*t - 233 = -709. What is the highest common divisor of t and 17?
17
Let n be 4 - 3 - 0 - 1. Let t be 252 - (n + 2 + 0). Let k = t - 85. Calculate the greatest common divisor of 15 and k.
15
Suppose -5*i + 7*i - 182 = 0. Let b be (1 + -6)/((-7)/i). Calculate the highest common divisor of b and 13.
13
Suppose -23 = -3*g + 7. Let c be (-3)/((-5)/(30/9)). Calculate the highest common factor of g and c.
2
Suppose -2*k = s - 0*k + 3, -k = 4. Let b(q) be the second derivative of -q**3/3 + q**2/2 + q. Let r be b(-2). What is the highest common divisor of s and r?
5
Let s(o) = o**2 - 3*o + 3. Let x be s(3). Suppose -4*v + x*u = v - 246, -u - 48 = -v. Calculate the greatest common factor of v and 34.
17
Let f(o) be the second derivative of -4*o**3/3 + o**2/2 - 5*o. Let m be f(-3). What is the greatest common divisor of m and 5?
5
Suppose 0 = -3*s + s + 48. Let c be 148/18 + s/(-108). What is the greatest common factor of 8 and c?
8
Let b = -26 + 38. What is the highest common divisor of 96 and b?
12
Let a be 3*-9*(-3)/(-3). Let i = 86 + a. Suppose 0 = 2*v - i - 85. Calculate the greatest common divisor of 9 and v.
9
Suppose -2*n - n = 5*z - 72, 0 = -4*z. Calculate the greatest common factor of n and 216.
24
Suppose 3*w - 10 = -2*w. Let m be (-178)/(-4) + 1/w. What is the greatest common factor of 9 and m?
9
Let r = 4 - 4. Suppose 5*m + 2 - 52 = r. Let w be ((-8)/m)/((-12)/2550). What is the highest common divisor of w and 17?
17
Suppose 16 = 2*x - 3*s, 2*s = 6 - 2. Calculate the highest common factor of x and 11.
11
Let r(i) = 8*i + 2. Let b be r(2). Calculate the highest common divisor of b and 12.
6
Let j be (2/(-4))/(3/(-54)). Suppose 1 - j = -s. Let n be (-4)/((-5)/2 - -2). Calculate the highest common factor of n and s.
8
Let w = 98 + 62. Calculate the greatest common divisor of 32 and w.
32
Suppose l - 32 = -3*l + 4*j, l = 5*j. Let t(i) = -i**3 + 4*i**2 - 2*i - 1. Let u be t(3). What is the greatest common divisor of u and l?
2
Let t be (12/3 - 2) + 1. Suppose -3*v = 5*l + 7, t*v + l = -l - 1. Let n be (-18)/(-2 + (v - 1)). Calculate the greatest common divisor of 1 and n.
1
Suppose 4*j + 2*c - 5 = 63, 10 = j + 4*c. What is the greatest common factor of j and 24?
6
Let y(q) = q**3 - 6